-h**2 - 6*h + 8. Calculate the remainder when 29 is divided by d(-4).
13
Calculate the remainder when 19 is divided by (-8)/20 - 104/(-10).
9
Suppose 4*p + 6 = -2. Let w be (p/(-4))/((-3)/18). What is the remainder when 10/(-5) - 13*w is divided by 13?
11
Let m(r) = -r**2 - r. Let i be m(-1). Calculate the remainder when 23 is divided by 2 - 2*(-5 + i).
11
Suppose 0 = -3*s + 2*c + 30, 2*s - 15 = 4*c - c. What is the remainder when s is divided by 7?
5
Suppose -5*r - 7*r = -132. Suppose 0 = 3*l - 5*l + 4*j + 8, 3*j = -2*l + 8. Calculate the remainder when r is divided by l.
3
Let s(y) = -39*y**3 - 2*y**2 - 4*y - 2. Calculate the remainder when s(-1) is divided by 10.
9
Let o = -11 - -29. Let u(q) = 51*q**2 + 1. What is the remainder when u(1) is divided by o?
16
Let n(p) = 4*p - 2. Let a be (0 - (-22)/(-4))*-10. Suppose 2*g + a - 17 = 5*r, g - 41 = -5*r. Calculate the remainder when n(6) is divided by r.
6
Suppose 4*r = -r. Suppose r = 4*n - 5 - 23. Let t = 14 - n. What is the remainder when 11 is divided by t?
4
Suppose -44 = -q + 4*a, 4*a + 26 + 82 = 3*q. What is the remainder when 127 is divided by q?
31
Let y = -4 - -7. Calculate the remainder when 11 is divided by y.
2
Let i = -26 + 45. Let k = -57 - -93. Calculate the remainder when k is divided by i.
17
Let s(a) = 2*a**3 - 2*a**2 + 1. Let t = -9 - -14. Calculate the remainder when s(2) is divided by t.
4
Let v = -28 - -39. What is the remainder when v is divided by 6?
5
Suppose l - 60 = c - 0, 0 = 5*l - 2*c - 288. Suppose -9 - 10 = -m. What is the remainder when l is divided by m?
18
Suppose -2*z - 12 = 2*n - 76, 0 = -3*z - 4*n + 96. What is the remainder when 57 is divided by z?
25
Let l(n) be the second derivative of n**5/20 + 5*n**4/6 + 4*n**3/3 + 3*n. Calculate the remainder when l(-9) is divided by 4.
1
Suppose -6 = -2*h - 0*h. Suppose -5*g - 48 = -103. Calculate the remainder when g is divided by h.
2
Let t(d) = -d**3 + 5*d**2 - 5*d + 9. Calculate the remainder when 32 is divided by t(3).
8
Let y = -16 - -66. Calculate the remainder when 98 is divided by y.
48
Let z = -32 - -129. What is the remainder when z is divided by 20?
17
Let g(p) = -p. Let s = -9 - -17. What is the remainder when s is divided by g(-3)?
2
Suppose -3*v = 3*f + 12 - 33, -2*v + 6 = f. What is the remainder when (-230)/(-8) + (-3)/(-12) is divided by f?
5
What is the remainder when 13 is divided by (67 + -69)*((-3)/2 - 0)?
1
Let u = -3 + 10. What is the remainder when 7 is divided by (-4)/(-5)*35/u?
3
Suppose -2*t + 46 - 4 = 0. Suppose -2*c + 142 = 5*p, -20*c + 15*c - 3*p + 393 = 0. What is the remainder when c is divided by t?
18
Let d = -85 + 102. What is the remainder when d is divided by 11?
6
Suppose -2*v + 137 = l, 0 = -2*v + 3*l - 51 + 168. What is the remainder when v is divided by 25?
16
Suppose 2*j - 15 = -j. Suppose -j*a - 55 = -240. Let o = -10 + 23. Calculate the remainder when a is divided by o.
11
Suppose -4*d = -5*t - 339, 3*d - 6*d + 3*t + 255 = 0. Calculate the remainder when d is divided by 15.
11
Let g(n) = -3*n**2. Let f(z) = 2*z**2 + z. Let a(m) = -3*f(m) - 3*g(m). Let l be a(2). What is the remainder when 20 is divided by l/(-4)*2 - -14?
9
Suppose 4 = 2*n - 12. Let a = -37 + 41. Suppose 61 = 2*m + 5*l, 3*m - a*l - 34 = m. Calculate the remainder when m is divided by n.
7
Let m = -1 + 6. Suppose -m*k - 1 = 4*d - 48, 3*k - 4*d = 41. What is the remainder when 32 is divided by k?
10
Let v(h) = 5 + 5*h - 3*h - h. Let a be v(0). Suppose a*d = -0*l + 2*l + 40, 0 = 4*d - l - 35. Calculate the remainder when 18 is divided by d.
8
Suppose 4*z = o - 6 - 4, 0 = -o - 3*z - 4. Suppose o*m + 4*h - 56 = h, -121 = -5*m + 2*h. What is the remainder when 98 is divided by m?
23
Let y = -10 + 26. Calculate the remainder when 28 is divided by y.
12
Suppose 0*f - 3 = -f. Suppose 0 = f*b + 4*a - a + 135, -5*b = -2*a + 239. Let p = b - -78. Calculate the remainder when p is divided by 11.
9
Let l = 6 - 5. Let g = l - 6. Let h = g + 14. What is the remainder when 16 is divided by h?
7
Let w = -51 - -56. What is the remainder when 37 is divided by w?
2
Let k be (-947)/(((-8)/2)/8). What is the remainder when k/26 - (-6)/39 is divided by 19?
16
Let y = 27 + -14. Calculate the remainder when 62 is divided by y.
10
Let u(r) = -r**3 + 15*r**2 - 11*r - 29. Suppose 3*f - 8 = -f. Suppose -15 = -f*q - q. Calculate the remainder when u(14) is divided by q.
3
Suppose -3*v + 76 = -17. What is the remainder when v is divided by 11?
9
Let w(a) = -12*a**3 - a**2 + 2*a + 2. Let n be w(-1). Let k = n + -7. What is the remainder when 6 is divided by k?
2
Let v(f) = 4*f - 52. Calculate the remainder when v(15) is divided by 3.
2
Let q = 20 + 19. What is the remainder when q is divided by 11?
6
Let d(r) = -r**3 + 1. Suppose -3*x - x = -20. Calculate the remainder when d(-2) is divided by x.
4
Suppose o + 2*o - 4*y = 5, 3*o = -5*y + 41. Let r(h) = h**2 - 5*h - 2. Suppose -4*d + 18 = -d. What is the remainder when o is divided by r(d)?
3
Suppose -45*m + 42*m = -87. Calculate the remainder when 57 is divided by m.
28
Let a = 14 - -6. Calculate the remainder when a is divided by 11.
9
Let a(v) = -v + 4. Let n be a(-2). What is the remainder when (-9)/n*3*-12 is divided by (-14)/(-8)*(7 + 1)?
12
What is the remainder when 398/3 + 10/(-75)*-10 is divided by 27?
26
Suppose 8*k - 2*k = 0. Calculate the remainder when k - (-2 + -18) - 3 is divided by 7.
3
Let h be ((-107)/3)/(1/3). Suppose 4 = 2*o + 24. What is the remainder when h/(-5) + o/25 is divided by 11?
10
Suppose -364 = -3*r - 46. Suppose 4*m - r + 10 = 0. Calculate the remainder when m is divided by 9.
6
Let c(p) = p**3 - 7*p**2 + 5*p + 4. Let d be c(6). What is the remainder when 33 is divided by d/(-9) + 480/27?
15
Let w be (208/24)/((-2)/3). Let r = w - -20. What is the remainder when 19 is divided by r?
5
Let d(n) = -n**2 + n + 14. Suppose 2*s + 0 + 2 = 4*x, -4*x = s - 11. Suppose -x*u = -u. What is the remainder when 26 is divided by d(u)?
12
Let j = 13 - 17. Calculate the remainder when 8 is divided by (-36)/(-24) - 6/j.
2
Let i = -71 + 84. Let h(s) = -s**2 - 5*s - 2. Let v be h(-2). Suppose -r + 34 = -v. Calculate the remainder when r is divided by i.
12
Suppose -7 = -3*y + 2*y. What is the remainder when 62 is divided by y?
6
Suppose -118*u + 123*u - 25 = 0. Suppose 2*m - 3*o = -6, 0*o - 2*o + 12 = -4*m. Calculate the remainder when m/1*16/(-6) is divided by u.
3
Suppose -8 = -4*j + w + w, -2*w = j - 12. Suppose 0 = -5*o + 6 + j. Suppose -2*k + o + 12 = 0. What is the remainder when k is divided by 4?
3
Suppose -4*i = 6*a - 2*a + 4, 3*i - a = 17. Let f = -1 + 1. Let w = f + i. What is the remainder when 6 is divided by w?
2
Let c(n) = n**3 + 6*n**2 - 5. Let a = 1 - 5. Calculate the remainder when 105 is divided by c(a).
24
Suppose 507 = 11*i - 76. Calculate the remainder when i is divided by 28.
25
Let l(b) = b**2 + 5*b - 7. Let i be l(-7). Suppose z - 5*z + 5*d + 72 = 0, d = -2*z + 36. Let t = z - i. Calculate the remainder when 32 is divided by t.
10
Let z(q) = -q**3 - 10*q**2 + 7*q - 5. Let g be 6/3 + -2 + -1. Let r(c) = -11*c - 1. What is the remainder when z(-11) is divided by r(g)?
9
Let a = 91 + -51. Calculate the remainder when 118 is divided by a.
38
Suppose -64*z + 59*z = -565. What is the remainder when z is divided by 19?
18
Let u(k) = -2*k**2 - k + 214. Let i be u(0). Suppose -5*z - 29 = -3*p - 290, 4*z - i = 5*p. Let t = 19 + -6. What is the remainder when z is divided by t?
12
Let m be ((-3)/3)/((-4)/20). Suppose -2*j - 16 = -j - m*v, -65 = -5*j - 4*v. Let o = 14 - -1. Calculate the remainder when o is divided by j.
6
Suppose -2*c + 3*c - 7 = 0. Let p(g) = 2*g**2 + g - 2. Suppose w + 9 = -2*w. What is the remainder when p(w) is divided by c?
6
Suppose -3*v + 5*c + 16 = -2, 2*c - 39 = -3*v. Let f(z) = z + 9. Let q(p) = p - 1. Let i be q(-4). Calculate the remainder when v is divided by f(i).
3
Let m(z) = -2*z + 36. What is the remainder when 51 is divided by m(9)?
15
Suppose -24 = -x + 3*g, 0*x + x - g = 16. Suppose -y + 127 = 4*d, 3*d = y + 2*y + 114. Calculate the remainder when d is divided by x.
9
Let o = 177 + -143. Calculate the remainder when 75 is divided by o.
7
Let i(m) = m**3 - 3*m + 1. Let w be i(2). Suppose -4*j + 29 + w = 0. Calculate the rem